+ (-8 - -3))?
-2
What is -9 - (11 - 0 - (5 + 4))?
-11
Evaluate 7 - (21 - (5 + 0 - (3 + 1))).
-13
Calculate (1 - -4) + 4 + 1 + (1 - 7).
4
-2 + (-3 - (7 + -10) - (-5 + 1))
2
What is -7 + (7 - 11) + 15?
4
-37 + 2 + 48 + (-46 - -3)
-30
What is the value of 6 - ((-6 - (-15 - -6)) + 5)?
-2
Evaluate (-5 - -28) + -148 + 132.
7
Calculate (-1 - 1) + 2 + (-11 - 0) + 6.
-5
What is -7775 + 7780 - (0 + -2 - -1)?
6
What is 15 - (7 - (-7 + 0) - 7)?
8
What is (14 - 15) + -5 + 9?
3
Evaluate 12 + (-25 - (-18 + 10)) + -14.
-19
Evaluate 4 - (3 + -2) - (0 - -5 - -2).
-4
-3 + -10 + 21 + -23 + -1 + -2
-18
What is the value of (-1 - -9) + 3 + 13?
24
-21 + 16 + 2 + 13
10
What is -44 + 23 + 9 + -11 - (0 + 10)?
-33
1 + -41 + -26 + 20 + 17
-29
(6 - 1) + (17 - (5 - -3))
14
What is 2 + 11 + 0 + (22 - 41)?
-6
Evaluate -36 - -37 - -10 - (3 - 0).
8
-1 + -6 + 13 + -1 + 1 + 4
10
Evaluate -58 + 21 + 4 - -18.
-15
What is (-63 - -47) + 20 + -1?
3
-187 - -197 - (2 - (-22 - 0))
-14
-113 + 117 + -10 + -2
-8
Evaluate (7 - -1) + (-8 - 6).
-6
What is -1 - (-33 + (-21 - -22) - (1 + 1))?
33
15 + -3 - (-1 - -8)
5
Evaluate 1 + -21 - ((-4 - -9) + (11 - 26)).
-10
Evaluate -4 - (3 - 11 - 10).
14
What is (-1 + 4 - (3 - -7)) + 1 + -2?
-8
What is 1 - ((-19 - -13) + -4 + 24)?
-13
(-98 - -89 - (17 + -2)) + (3 - -3)
-18
-62 + 52 - (-6 + -5)
1
-9 + 3 + 18 + -22
-10
Calculate -26 + (-10 - -25) - 21 - (0 + -3).
-29
Calculate -19 - (1 - 21 - 34).
35
Calculate (-10 + (0 - -3) - -7) + -5 + -4.
-9
Calculate (-12 - (4 - -7 - 16)) + (-1 - 0).
-8
What is the value of -25 + (6 - 23) + 53?
11
What is the value of 207 - 213 - (1 - (-11 + 1) - 0)?
-17
Calculate (34 - 20) + -23 + 12.
3
What is the value of 0 - -4 - (-1 + -5 + 0)?
10
7 - (-13 - -21 - 6)
5
What is the value of 6 - 14 - (3 + -16 + 6)?
-1
What is the value of -25 + 31 - -14 - 11?
9
Calculate 3 - (15 - (-1 + 22)).
9
What is 1 + 13 + (-47 + 36 - 2)?
1
Evaluate 39 - ((3 - -1 - 18) + 19).
34
Calculate 6 - (-17 - -15) - (2 - -2).
4
Calculate -4 + (-1 - 8) - -13.
0
Calculate 7 - (-7 + -1 + -12 + 9 + 6).
12
4 - (-26 - (18 - 33))
15
-13 + (67 - (-5 - -36))
23
5 + -17 + 0 + (14 - 7)
-5
Calculate 45 + -32 + (1 - 9).
5
What is the value of 4 - 5 - (-46 + 53)?
-8
What is (-10 - (-11 + (23 - 2))) + 0 + 6?
-14
-6 + (5 - (4 - (-9 + 9)))
-5
Evaluate 598 - 612 - (-1 - -2).
-15
What is the value of 49 - (40 + (-12 - -5))?
16
Evaluate 23 + 1 + -14 + -4 + -2.
4
Calculate 4 - 8 - 5 - -21 - 25.
-13
What is 8 + -5 + 4 + (-7 - (3 + -4))?
1
Evaluate (-67 - -80) + -10 + -1.
2
-35 - (-10 - 1) - (-10 + (4 - 5))
-13
What is the value of (-22 - (-4 - 12 - -8 - -1)) + 5?
-10
Evaluate 4 - 2 - (-2 - 6 - (3 + -2)).
11
1 + -1 - (-19 - -25)
-6
What is the value of 11 + (-10 - -26 - 9 - 5)?
13
What is the value of (-1 - -1) + 31 + -23?
8
(2 + 0 - (-6 - 0 - -12)) + 12
8
-23 + 25 + -2 + 1 - 5
-4
Calculate (8 - 12 - -7) + -15 - 4.
-16
What is the value of 2 + 1 + (3 - -10) + -8?
8
Evaluate -11 - -15 - (10 - -4).
-10
Evaluate 29 + -5 + (-10 - 3).
11
Evaluate 220 - 195 - (23 + 3).
-1
Calculate -8 + (32 - 9) + -4 + 0.
11
What is the value of 11 + 1 + -111 + 98 - -7?
6
0 + -1 + -2 + 2 + -10 + 5
-6
Evaluate -78 + 96 - (1 + 5).
12
Calculate 1 + -17 + -297 + 310 - (2 + 14).
-19
Evaluate (-72 - -85) + (2 - -6).
21
31 + 7 + -2 + -15
21
What is the value of (-1 - 1) + (869 - 854)?
13
Calculate 6 - ((-3 - 6) + 1).
14
What is the value of (-6 - 1) + (-65 - -69)?
-3
Evaluate (-95 - -94) + (-4 - 1) + -5 + -3.
-14
-401 + 391 - (1 + -4 - -20)
-27
What is (-117 - -111) + 2 + 13 + 18?
27
Calculate 1 + (-25 - 15) + 66.
27
What is the value of 0 + 2 + -2 + 0 + -5 + 0?
-5
Evaluate -15 + (156 - 162 - (0 - 6)).
-15
-28 + (-5 - -9 - -19)
-5
-20 + -11 + 16 + 7
-8
What is the value of (-12 - (-31 - -11) - -2) + -18 + 44?
36
Calculate -1 + (2 - 0) + (5 - (-64 - -45)).
25
1 + 9 + -4 + -8 + 10 + 5
13
What is the value of 3 + (5 + -14 - -18)?
12
-52 + 33 + 16 + -24
-27
-10 + -12 + 19 - (0 + 4)
-7
6 + 4 + -4 + 8 + 10
24
Calculate -2 - (6 - (-20 + 8 + 9)).
-11
What is the value of (1 - -4) + (-4 - (7 - 4 - -2))?
-4
(1425 - 1432) + (-1 - 14)
-22
(11 - 5 - 13) + (10 - 4)
-1
What is 1 + -13 - (-20 - -19) - (-1 - -4)?
-14
Evaluate -3 + (-16 - -12) + 8.
1
What is the value of 8 - 12 - (4 + -3 + -8)?
3
What is (-18 - (13 + -21)) + (-12 - -1)?
-21
What is -7 - (-4 - 1 - (-14 + 29))?
13
Evaluate 8 - 0 - (11 + -15 + 6 + 2).
4
What is 7 + (-2 - -7) + 0 - 6 - 24?
-18
Evaluate 7 + (-10 - (9 - 19)) + -17.
-10
What is -1 + 24 + -16 + 5?
12
Calculate (-17 - 1) + (-90 - -96) + (1 - 13).
-24
Evaluate (1 - 8) + -160 + 168 - 24.
-23
Evaluate 10 + (-2 - 0) + -2 - (4 - -4).
-2
What is (1 - 3) + 12 + -22 + 5?
-7
5 + -19 + 22 + 17
25
120 - 130 - (-6 + 2)
-6
Evaluate 6 + 6 + (3 - (2 + 7)) + 0.
6
Evaluate 2 + (2 - 7) + -23 + -27 + 45.
-8
Calculate -28 + (44 - -27) + -8.
35
Evaluate -5 - (4 - 6) - (-8 - -10).
-5
Calculate -1 + (7 - 2) - (11 + 17 - 4).
-20
What is (-13 - (8 + 2 + -18)) + -11?
-16
Evaluate -4 + 15 + 4 + -7 + -7.
1
What is 0 + (-9 - -12) + 2 + 0 + 1?
6
What is -21 + 17 - 6 - (-27 - 2) - 5?
14
What is the value of -24 - (-43 - -17) - 22?
-20
Calculate 11 - (2 + -4 - (14 + -9 - 5)).
13
What is the value of 2 + 0 + -28 + 22?
-4
What is the value of (-17 - -11) + 12 + -4 + -4?
-2
-319 - -333 - (2 + -18)
30
What is the value of 2 + -7 + 0 + 3 + (0 - -2)?
0
What is -9 + (-7 - -3) + (-6 + -10 - -8)?
-21
-5 - (6 - (-3 - (6 + 7 + -4)))
-23
13 + -1 + -1 - (64 - 60) - 6
1
Calculate -3 + (-7 - 0 - -7 - 11).
-14
Evaluate -33 + 52 + -1 + 7 - 3.
22
Evaluate (-1 + 8 - (89 + -85)) + -4.
-1
Calculate -3 + (4 + 1 - 13).
-11
11 + 21 + -15 + -16
1
What is 2 - (32 - 9 - 45)?
24
What is -11 - (-6 + -4 + 6)?
-7
What is the value of (-20 - (-4 + -2)) + 20 - (1 + 17)?
-12
Evaluate -19 + 0 + 28 + -22.
-13
Calculate -7 - ((-11 - (-2 + 8 - 3)) + -4).
11
Calculate 1 + (-9 - (-8 + 5) - (9 + -26)).
12
39 + -18 - (9 + 2)
10
What is (7 - 5) + 5 + -22?
-15
Calculate -96 - -45 - -55 - (-1 - -7).
-2
Evaluate 20 - (7 + -18 - -21).
10
What is -1 + 18 + -6 + -9 + 17?
19
-10 + 8 - 19 - -9
-12
(72 - 65) + -22 + 2 - -31
18
Calculate (123 - 120) + -4 + 2 + (0 - 3).
-2
-12 + (-4 - -37) + -1 + 1 + 2
23
What is the value of (-12 - (0 - (8 - -3))) + 2?
1
What is the value of 3 + (-1 - (4 - 1)) - (1 - 14)?
12
What is 0 + 30 - (-69 + 116)?
-17
What is 5 + ((1 - 0) + -7 - (46 - 48))?
1
What is -2 + (23 - 6) + -14?
1
Evaluate -57 - -25 - -5 - -26.
-1
What is (299 - 287) + -6 + -1 + 0?
5
Calculate 29 - (-1 - -10) - 14.
6
(35 - 24 - 6) + 10
15
Evaluate (-11 - 14 - -8) + 18 + 2 + 24.
27
Calculate -16 - (12 + (-5 - 10)).
-13
14 + (1 + 14 - 44)
-15
What is the value of -1 - 12 - (-1138 - -1133)?
-8
4 + 11 - (19 + 5)
-9
What is the value of (0 - 5) + 3 + (24 - (-4 - -15))?
11
9 + 2 + 3 - (1 - -1)
12
Calculate -1 + -12 - (-41 - -25).
3
What is the value of 25 + -19 + 17 - 10?
13
What is the value of 3 - (-15 + -4 + 28)?
-6
What is the value of -1 + -9 + (-2 - (-4 + 0))?
-8
Evaluate 6 + -7 + -7 + 21 + -15.
-2
What is 3 + 0 - (-206 + 202)?
7
What is -113 - -135 - (14 - -1)?
7
What is -7 + 0 + (-5 - -11 - -4)?
3
Calculate -239 + 249 - (16 - 1).
-5
What is -24 + 3 - (2 - (7 + 17 - 17))?
-16
Evaluate (9 - 1) + (5 - 2 - 4) + -4.
3
Evaluate -14 + 8 + -8 + -9 + 0 + 9.
-14
Evaluate (7 + 0 - -4) + (-104 - -72).
-21
(13 - 0 - (1 + -1)) + -12
1
What is the value of 1 + -11 + 59 + -46?
3
Calculate -2 + 4 + (-10 - -2).
-6
What is -3 - (75 + -72 + (-2 - -2) + -4)?
-2
What is the value of (30 - 15 - 9) + (12 - (0 - 1))?
19
Evaluate 4 + -13 + (4 - 2).
-7
Evaluate (-79 - -73) + (-5 - 9).
-20
-1 + -11 + (15 - (50 + -41))
-6
Calculate -11 + (19 - 11) + (-4 - 13) - -7.
-13
Evaluate -4 + (-6 + -1 - (53 + -60)).
-4
What is -3 + (0 + 1 - -12)?
10
11 + 0 + (210 - 248) + 20
-7
Evaluate 33 + -32 + (0 - 3).
-2
Evaluate 4 + (17 - (8 - -5)).
8
-42 - -20 - -22 - 13
-13
(-5 + 6 - (18 + -8)) + 8
-1
(1 - -13) + (-146 - -124)
-8
What is 15 + -7 + ((-5 - -4) + -1 - -5)?
11
Calculate -5 - (-1 + 8) - (-202 - -183).
7
Calculate (8 + -3 - -1) + -25 + 12.
-7
-16 + (24 + 2 + -7 - 8) + -6
-11
2 + (-4 + -6 - (-1 + -4))
-3
What is (494 - 492) + (2 - -2 - -1)?
7
What is the value of -9 + 20 + -16 + 8 + 0 + 15?
18
-1 - ((-6 - -15) + -21) - (0 - 4)
15
-3 - 3 - (0 - (-6 + -5))
-17
Evaluate (-14 - -2) + (-7 - (15 + (-6 - 6))).
-22
What 